{"id":293,"date":"2021-01-03T08:36:06","date_gmt":"2021-01-03T07:36:06","guid":{"rendered":"http:\/\/fmrr94.no-ip.biz\/wordpress\/?page_id=293"},"modified":"2025-11-25T20:25:22","modified_gmt":"2025-11-25T19:25:22","slug":"musique","status":"publish","type":"page","link":"https:\/\/fmrr94.no-ip.biz\/cathyfrancois\/musique\/","title":{"rendered":"Musique"},"content":{"rendered":"\r\n<h2 class=\"wp-block-heading\">Cette page est consacr\u00e9e aux musiques que nous aimons. N&#8217;h\u00e9sitez pas \u00e0 nous laisser des commentaires sur ce sujet (en bas de page)<\/h2>\r\n\r\n\r\n\r\n<p class=\"wp-block-paragraph\">Pour commencer la rythmique : voici une vid\u00e9o qui explique sur quels temps il faut taper des mains.<\/p>\r\n\r\n\r\n\r\n<p class=\"wp-block-paragraph\"><video src=\"\/VIDEO\/Harry Connick Jr &amp; French Rhythm Accents.mp4?autoplay=\" controls=\"controls\" width=\"640\" height=\"360\">\r\n\r\n\r\n\r\n<p class=\"wp-block-paragraph\">&nbsp;<\/p>\r\n\r\n\r\n\r\n<p class=\"wp-block-paragraph\">Brilliant transition from 1&amp;3 to 2&amp;4. The audience is clapping on 1&amp;3 but at <a href=\"https:\/\/www.youtube.com\/watch?v=UinRq_29jPk&amp;t=40s\">0:40<\/a> he throw a single bar in 5\/4 and the magic is done.. The audience is now clapping on 2&amp;4. Friends don&#8217;t let friends clap on 1&amp;3<\/p>\r\n\r\n\r\n\r\n<p class=\"wp-block-paragraph\">Watch the drummer celebrate when he does it too! I love how after he switches up the beat to correct the audience, you can see the self-satisfied look on his face, lol. He&#8217;s like &#8220;I just totally messed with these people&#8217;s heads and none of them have a freakin&#8217; clue\u2026 haha.<\/p>\r\n\r\n\r\n\r\n<p class=\"wp-block-paragraph\">\u00a0Un article complet sur ce sujet est ici ==&gt;<a href=\"https:\/\/fmrr94.no-ip.biz\/cathyfrancois\/?page_id=358\"> PATLOTCH Harmonie versus Rythme<\/a><\/p>\r\n\r\n\r\n\r\n<p class=\"wp-block-paragraph\">Ensuite les diff\u00e9rentes cat\u00e9gories de musiques que nous aimons : celles bien s\u00fbr sur lesquelles nous aimons danser, il s&#8217;agit du Rhythm and Blues, du Rock&#8217;N&#8217;Roll, du jazz et plus particuli\u00e8rement du swing. Un site tr\u00e8s tr\u00e8s bien fait, (une r\u00e9f\u00e9rence pour nous) est le site de notre ami Dany, ici ==&gt; <a href=\"http:\/\/www.swing-time.fr\/index.php\" target=\"_blank\" rel=\"noreferrer noopener\">Swing-Time<\/a><\/p>\r\n\r\n\r\n\r\n<p class=\"wp-block-paragraph\">La r\u00e9f\u00e9rence des musiques swing :\u00a0<\/p>\r\n\r\n\r\n\r\n<h6 class=\"wp-block-heading\" id=\"firstHeading\"><em>It Don&#8217;t Mean a Thing (If It Ain&#8217;t Got That Swing) de Duke Ellington and Irving Mills\u00a0<\/em><br \/><video controls=\"controls\" src=\"\/VIDEO\/Duke Ellington - It don't mean a thing (1943).mp4?autoplay=\" width=\"640\" height=\"360\"><\/video><\/h6><\/video> \r\n\r\n<\/p>\r\n<p class=\"wp-block-paragraph\">\u00a0Pour le Rhythm and Blues, notre r\u00e9f\u00e9rence est celle de Louis Jordan mais nous pourrions en citer beaucoup d&#8217;autres :\u00a0<\/p>\r\n<p>\r\n\r\n<\/p>\r\n<h1 class=\"wp-block-heading\">Caldonia \/ Louis Jordan<\/h1>\r\n<p>\r\n\r\n<\/p>\r\n<p class=\"wp-block-paragraph\"><video src=\"\/VIDEO\/Caldonia Louis Jordan.mp4?autoplay=\" controls=\"controls\" width=\"640\" height=\"360\"><\/video><\/p>\r\n<p>\r\n\r\n<\/p>\r\n<p class=\"wp-block-paragraph\">Pour le Rock and Roll une des r\u00e9f\u00e9rences historique est cette version de :\u00a0<\/p>\r\n<p>\r\n\r\n<\/p>\r\n<h1 class=\"wp-block-heading\">Bill Haley &#8211; Rock Around The Clock (1956)<\/h1>\r\n<p>\r\n\r\n<\/p>\r\n<p class=\"wp-block-paragraph\"><video src=\"\/VIDEO\/Bill Haley - Rock Around The Clock (1956).mp4?autoplay=\" controls=\"controls\" width=\"640\" height=\"360\"><\/video><\/p>\r\n<p>\r\n\r\n<\/p>\r\n<p class=\"wp-block-paragraph\">Nous ne pouvons terminer cette toute petite revue des styles musicaux par des musiques sp\u00e9cialement adapt\u00e9es au Collegiate Shag notre passion du moment !<\/p>\r\n<p>\r\n\r\n<\/p>\r\n<p class=\"wp-block-paragraph\"><video src=\"\/VIDEO\/BIG WIG IN THE WIG WAM ~ Woody Herman &amp; his Orchestra 1939.mp4?autoplay=\" controls=\"controls\" width=\"640\" height=\"360\"><\/video><\/p>\r\n<p>\r\n\r\n<\/p>\r\n<p class=\"wp-block-paragraph\">\u00a0Une de nos pr\u00e9f\u00e9r\u00e9e !<\/p>\r\n<p>\r\n\r\n<\/p>\r\n<p class=\"wp-block-paragraph\"><video src=\"\/VIDEO\/Meschiya Lake - Comes Love.mp4?autoplay=\" controls=\"controls\" width=\"640\" height=\"360\"><\/video><\/p>\r\n<p>\r\n\r\n<\/p>\r\n<p class=\"wp-block-paragraph\">Un site pour d\u00e9couvrir de nouvelles musique ==&gt; <a href=\"https:\/\/bandcamp.com\/\" target=\"_blank\" rel=\"noopener\">Bandcamp<\/a><\/p>\r\n<h2><span style=\"color: #0000ff;\">Voici une liste de groupe que nous aimons bien :<\/span><\/h2>\r\n<p>\u00a0Tuba Skinny un jazz band de la nouvelle Orl\u00e9ans ==&gt; <a href=\"https:\/\/tubaskinny.bandcamp.com\/\" target=\"_blank\" rel=\"noopener\">tubaskinny.bandcamp<\/a><\/p>\r\n<p>Le Hot Swing Sextet de Bordeuax qui enchante les danseurs de swing ==&gt; <a href=\"https:\/\/melodinoteproduction.bandcamp.com\/album\/hot-swing-sextet\" target=\"_blank\" rel=\"noopener\">hot-swing-sextet<\/a><\/p>\r\n<p>Les Jacks &amp; Jills Swing Band de Paris ==&gt; <a href=\"https:\/\/jacksandjillsswingband.bandcamp.com\/\" target=\"_blank\" rel=\"noopener\">jacksandjillsswingband<\/a><\/p>\r\n<p>Un autre groupe parisien : Le Hot Sugar Band ==&gt; <a href=\"https:\/\/hotsugarband.bandcamp.com\/\" target=\"_blank\" rel=\"noopener\">hotsugarband.bandcamp<\/a><\/p>\r\n<p>Une autre r\u00e9f\u00e9rence du swing de Londres ==&gt; <a href=\"https:\/\/shirttailstompers.bandcamp.com\/\" target=\"_blank\" rel=\"noopener\">shirttailstompers.bandcamp<\/a><\/p>\r\n<p>De Montpellier les Carolina Reapers Swing Band ==&gt; <a href=\"https:\/\/carolinareapersswing.bandcamp.com\/\" target=\"_blank\" rel=\"noopener\">carolinareapersswing.bandcamp<\/a><\/p>\r\n<p>De Toulouse le Toulouse Hot Club ==&gt; <a href=\"https:\/\/toulousehotclub.bandcamp.com\/\" target=\"_blank\" rel=\"noopener\">toulousehotclub.bandcamp<\/a><\/p>\r\n<p>De Lyon le Swing Up Orchestra ==&gt; <a href=\"https:\/\/swinguporchestra.bandcamp.com\/\" target=\"_blank\" rel=\"noopener\">swinguporchestra.bandcamp<\/a><\/p>\r\n<p>En Allemagne les Ray Collins Hot Club<\/p>\r\n<p>De Breda aux Pays Bas ==&gt; <a href=\"https:\/\/jazzconnection.bandcamp.com\/\" target=\"_blank\" rel=\"noopener\">jazzconnection.bandcamp<\/a><\/p>\r\n<p>De Barcelone le Bumpy Roof Band BBW ==&gt; <a href=\"https:\/\/bumpyroofband-bbw.bandcamp.com\/\" target=\"_blank\" rel=\"noopener\">bumpyroofband-bbw.bandcamp<\/a><\/p>\r\n<p><\/p>","protected":false},"excerpt":{"rendered":"<p>Cette page est consacr\u00e9e aux musiques que nous aimons. N&#8217;h\u00e9sitez pas \u00e0 nous laisser des commentaires sur ce sujet (en bas de page) Pour commencer la rythmique : voici une vid\u00e9o qui explique sur quels temps il faut taper des mains. &nbsp; Brilliant transition from 1&amp;3 to 2&amp;4. The audience is clapping on 1&amp;3 but [&hellip;]<\/p>\n","protected":false},"author":1,"featured_media":0,"parent":0,"menu_order":0,"comment_status":"open","ping_status":"closed","template":"","meta":{"_crdt_document":"","_lmt_disableupdate":"no","_lmt_disable":"no","_monsterinsights_skip_tracking":false,"_monsterinsights_sitenote_active":false,"_monsterinsights_sitenote_note":"","_monsterinsights_sitenote_category":0,"_uf_show_specific_survey":0,"_uf_disable_surveys":false,"ocean_post_layout":"","ocean_both_sidebars_style":"","ocean_both_sidebars_content_width":0,"ocean_both_sidebars_sidebars_width":0,"ocean_sidebar":"0","ocean_second_sidebar":"0","ocean_disable_margins":"enable","ocean_add_body_class":"","ocean_shortcode_before_top_bar":"","ocean_shortcode_after_top_bar":"","ocean_shortcode_before_header":"","ocean_shortcode_after_header":"","ocean_has_shortcode":"","ocean_shortcode_after_title":"","ocean_shortcode_before_footer_widgets":"","ocean_shortcode_after_footer_widgets":"","ocean_shortcode_before_footer_bottom":"","ocean_shortcode_after_footer_bottom":"","ocean_display_top_bar":"default","ocean_display_header":"default","ocean_header_style":"","ocean_center_header_left_menu":"0","ocean_custom_header_template":"0","ocean_custom_logo":0,"ocean_custom_retina_logo":0,"ocean_custom_logo_max_width":0,"ocean_custom_logo_tablet_max_width":0,"ocean_custom_logo_mobile_max_width":0,"ocean_custom_logo_max_height":0,"ocean_custom_logo_tablet_max_height":0,"ocean_custom_logo_mobile_max_height":0,"ocean_header_custom_menu":"0","ocean_menu_typo_font_family":"0","ocean_menu_typo_font_subset":"","ocean_menu_typo_font_size":0,"ocean_menu_typo_font_size_tablet":0,"ocean_menu_typo_font_size_mobile":0,"ocean_menu_typo_font_size_unit":"px","ocean_menu_typo_font_weight":"","ocean_menu_typo_font_weight_tablet":"","ocean_menu_typo_font_weight_mobile":"","ocean_menu_typo_transform":"","ocean_menu_typo_transform_tablet":"","ocean_menu_typo_transform_mobile":"","ocean_menu_typo_line_height":0,"ocean_menu_typo_line_height_tablet":0,"ocean_menu_typo_line_height_mobile":0,"ocean_menu_typo_line_height_unit":"","ocean_menu_typo_spacing":0,"ocean_menu_typo_spacing_tablet":0,"ocean_menu_typo_spacing_mobile":0,"ocean_menu_typo_spacing_unit":"","ocean_menu_link_color":"","ocean_menu_link_color_hover":"","ocean_menu_link_color_active":"","ocean_menu_link_background":"","ocean_menu_link_hover_background":"","ocean_menu_link_active_background":"","ocean_menu_social_links_bg":"","ocean_menu_social_hover_links_bg":"","ocean_menu_social_links_color":"","ocean_menu_social_hover_links_color":"","ocean_disable_title":"default","ocean_disable_heading":"default","ocean_post_title":"","ocean_post_subheading":"","ocean_post_title_style":"","ocean_post_title_background_color":"","ocean_post_title_background":0,"ocean_post_title_bg_image_position":"","ocean_post_title_bg_image_attachment":"","ocean_post_title_bg_image_repeat":"","ocean_post_title_bg_image_size":"","ocean_post_title_height":0,"ocean_post_title_bg_overlay":0.5,"ocean_post_title_bg_overlay_color":"","ocean_disable_breadcrumbs":"default","ocean_breadcrumbs_color":"","ocean_breadcrumbs_separator_color":"","ocean_breadcrumbs_links_color":"","ocean_breadcrumbs_links_hover_color":"","ocean_display_footer_widgets":"on","ocean_display_footer_bottom":"default","ocean_custom_footer_template":"0","footnotes":""},"class_list":["post-293","page","type-page","status-publish","hentry","entry"],"aioseo_notices":[],"_links":{"self":[{"href":"https:\/\/fmrr94.no-ip.biz\/cathyfrancois\/wp-json\/wp\/v2\/pages\/293","targetHints":{"allow":["GET"]}}],"collection":[{"href":"https:\/\/fmrr94.no-ip.biz\/cathyfrancois\/wp-json\/wp\/v2\/pages"}],"about":[{"href":"https:\/\/fmrr94.no-ip.biz\/cathyfrancois\/wp-json\/wp\/v2\/types\/page"}],"author":[{"embeddable":true,"href":"https:\/\/fmrr94.no-ip.biz\/cathyfrancois\/wp-json\/wp\/v2\/users\/1"}],"replies":[{"embeddable":true,"href":"https:\/\/fmrr94.no-ip.biz\/cathyfrancois\/wp-json\/wp\/v2\/comments?post=293"}],"version-history":[{"count":0,"href":"https:\/\/fmrr94.no-ip.biz\/cathyfrancois\/wp-json\/wp\/v2\/pages\/293\/revisions"}],"wp:attachment":[{"href":"https:\/\/fmrr94.no-ip.biz\/cathyfrancois\/wp-json\/wp\/v2\/media?parent=293"}],"curies":[{"name":"wp","href":"https:\/\/api.w.org\/{rel}","templated":true}]}}